 a multiple of 272?
True
Is 53 a factor of 1437639681?
True
Is 86292913 a multiple of 14?
False
Is 8065962 a multiple of 4?
False
Does 1360 divide 759447583?
False
Is 1695391878 a multiple of 53?
True
Does 3836 divide 626741024?
True
Is 143807145 a multiple of 117?
False
Does 52 divide 40623692?
False
Does 297 divide 1572557679?
True
Does 19 divide 23720816?
True
Does 11 divide 220747094?
False
Is 37739095 a multiple of 2912?
False
Is 3342438 a multiple of 3?
True
Is 3142623416 a multiple of 296?
True
Is 11257803 a multiple of 438?
False
Is 56 a factor of 720578376?
True
Is 12530 a factor of 2335746731?
False
Does 3506 divide 3427556077?
False
Is 290091387 a multiple of 69?
True
Is 75 a factor of 120109875?
True
Does 14 divide 610226190?
True
Does 206 divide 124473235?
False
Does 22 divide 1821710?
True
Is 79607733 a multiple of 255?
False
Is 2916867190 a multiple of 106?
True
Is 40908545 a multiple of 85?
True
Does 70 divide 38775960?
False
Does 3173 divide 945868127?
True
Does 59 divide 8890179?
True
Is 78 a factor of 289656056?
False
Is 3 a factor of 20246775?
True
Is 54712157 a multiple of 12?
False
Is 1501363604 a multiple of 134?
True
Is 489912121 a multiple of 2421?
False
Does 7 divide 32446274?
True
Is 27 a factor of 252444519?
True
Is 340468515 a multiple of 139?
False
Is 22048512 a multiple of 57?
True
Is 12 a factor of 115246738?
False
Is 13 a factor of 1707626219?
True
Is 96 a factor of 25258337?
False
Is 1463268915 a multiple of 305?
True
Is 13 a factor of 105921528?
False
Is 11968688 a multiple of 117?
False
Is 867244505 a multiple of 41?
True
Is 306676625 a multiple of 475?
True
Is 2563415514 a multiple of 57?
True
Is 55 a factor of 276118095?
True
Is 316021504 a multiple of 1112?
True
Does 4 divide 216046121?
False
Is 15006068 a multiple of 332?
True
Is 2034006 a multiple of 89?
True
Is 7603243255 a multiple of 73?
False
Is 1673 a factor of 18342204?
False
Is 109 a factor of 16693241?
True
Is 177222224 a multiple of 22?
False
Does 283 divide 416214580?
False
Is 213 a factor of 238353505?
False
Is 14 a factor of 414479667?
False
Is 5 a factor of 203155755?
True
Does 28 divide 40939920?
True
Does 45 divide 30295952?
False
Does 179 divide 40654074?
False
Does 4 divide 1207116?
True
Is 9 a factor of 193839975?
True
Is 176780190 a multiple of 30?
True
Does 11 divide 9722134?
False
Is 166908851 a multiple of 12?
False
Does 34 divide 5915212912?
False
Does 586 divide 42059890?
False
Is 954040387 a multiple of 523?
True
Is 15353696 a multiple of 529?
True
Is 77 a factor of 399629692?
True
Does 79 divide 179607527?
True
Is 686438460 a multiple of 3?
True
Is 135286452 a multiple of 542?
True
Is 104063506 a multiple of 4?
False
Is 63287221 a multiple of 101?
False
Is 67802070 a multiple of 6?
True
Is 62826404 a multiple of 32?
False
Is 18949558 a multiple of 16?
False
Does 63 divide 2139399?
False
Is 32598144 a multiple of 12?
True
Is 745164769 a multiple of 23?
False
Is 630460950 a multiple of 175?
True
Is 3420260788 a multiple of 10535?
False
Does 9 divide 10692777?
False
Is 962 a factor of 62295272?
True
Is 1723 a factor of 209450907?
False
Is 19453523 a multiple of 31?
True
Does 14 divide 82727470?
True
Is 1117 a factor of 360945919?
False
Is 18 a factor of 33738207?
False
Does 30 divide 96172051?
False
Is 7272559756 a multiple of 45?
False
Does 97 divide 186601131?
True
Does 123 divide 25825568?
False
Does 1333 divide 129568381?
False
Does 72 divide 183856536?
True
Is 13234530 a multiple of 21?
False
Is 6 a factor of 790145862?
True
Is 254028587 a multiple of 12?
False
Does 68 divide 34711016?
False
Is 8950550 a multiple of 1195?
True
Does 1453 divide 316696296?
False
Does 1011 divide 59708110?
False
Is 21217161 a multiple of 151?
True
Is 2 a factor of 193811734?
True
Is 9 a factor of 100322043?
False
Does 661 divide 60530157?
False
Is 220 a factor of 2821116760?
True
Is 695 a factor of 3029928097?
False
Is 894931730 a multiple of 1756?
False
Is 387367134 a multiple of 1023?
True
Is 11905200 a multiple of 138?
False
Is 41 a factor of 921625?
False
Is 112075466 a multiple of 89?
False
Is 15514578 a multiple of 162?
True
Is 50 a factor of 580739302?
False
Is 203 a factor of 54069354?
False
Does 4481 divide 1174365108?
False
Is 11 a factor of 393687307?
False
Is 90535096 a multiple of 5?
False
Is 255 a factor of 75262681?
False
Does 66 divide 4672042445?
False
Does 4 divide 613020773?
False
Is 5519 a factor of 23662026?
False
Does 1270 divide 613061460?
False
Does 2309 divide 1235986919?
True
Is 16684430 a multiple of 430?
True
Is 245157436 a multiple of 3074?
False
Is 103235877 a multiple of 25?
False
Is 10 a factor of 48965267?
False
Does 4851 divide 1734940875?
False
Does 349 divide 95528898?
False
Does 8 divide 20737493?
False
Does 168 divide 904470336?
True
Does 13 divide 412365460?
True
Does 796 divide 595673068?
True
Is 7 a factor of 713318?
False
Is 746 a factor of 48923905?
False
Is 2095 a factor of 473502135?
False
Does 584 divide 24699696?
True
Is 9 a factor of 249884713?
False
Is 5967080 even?
True
Is 1408 a factor of 13494272?
True
Is 65081364 a multiple of 12?
True
Does 1921 divide 21165578?
True
Does 148 divide 681185688?
True
Is 1681 a factor of 345391493?
False
Is 6 a factor of 145477248?
True
Is 531 a factor of 111633192?
True
Is 205 a factor of 34250785?
True
Is 277 a factor of 237377021?
False
Does 78 divide 516235082?
False
Does 184 divide 1936976925?
False
Is 66 a factor of 14814747?
False
Is 1139 a factor of 27184884?
False
Is 246 a factor of 451217382?
True
Is 2267 a factor of 37370928?
False
Does 271 divide 4737573?
False
Is 67264306 a multiple of 1836?
False
Is 368443904 a multiple of 28?
False
Is 104488600 a multiple of 1900?
True
Is 767 a factor of 52341634?
False
Is 480488060 a multiple of 13?
True
Is 2932522164 a multiple of 1404?
True
Is 461324452 a multiple of 3791?
False
Is 1021746 a multiple of 411?
True
Does 6051 divide 1062793179?
False
Does 171 divide 585233696?
False
Is 8554646 a multiple of 118?
True
Is 1634244179 a multiple of 705?
False
Is 944 a factor of 1715595808?
False
Does 889 divide 627454994?
False
Is 502737072 a multiple of 103?
False
Is 1824 a factor of 53229897?
False
Is 10116663 a multiple of 5?
False
Is 11 a factor of 4044002545?
True
Is 333 a factor of 16341322?
False
Is 3510 a factor of 97370128?
False
Does 521 divide 250562967?
True
Is 252877051 a multiple of 119?
False
Is 631 a factor of 45290937?
False
Does 1473 divide 20838410?
False
Does 13 divide 1279044?
True
Is 343806538 a multiple of 34?
True
Is 523 a factor of 270760243?
False
Is 90 a factor of 591750613?
False
Is 52 a factor of 437460660?
True
Does 167 divide 26699125?
True
Is 16 a factor of 159400740?
False
Is 835043921 a multiple of 421?
False
Is 12655870 a multiple of 69?
False
Is 54227893 a multiple of 41?
False
Is 2932 a factor of 48410252?
True
Is 5544 a factor of 91415016?
True
Is 12 a factor of 52824600?
True
Is 187369836 a multiple of 373?
True
Is 217 a factor of 50583351?
True
Does 22 divide 182530079?
False
Is 15 a factor of 13165515?
True
Is 49193936 a multiple of 15?
False
Is 102680047 a multiple of 21?
False
Does 90 divide 1176972210?
True
Is 1876 a factor of 26055480?
False
Is 2 a factor of 5169133?
False
Is 570 a factor of 40438650?
True
Is 44357066 a multiple of 13?
True
Is 1121034255 a multiple of 5482?
False
Does 77 divide 753237629?
False
Does 3476 divide 100247840?
True
Does 137 divide 18484683?
False
Is 119 a factor of 66641883?
False
Is 23 a factor of 8072827?
False
Is 334 a factor of 448327321?
False
Does 176 divide 175830160?
True
Is 181726561 a multiple of 138?
False
Is 24781120 a multiple of 185?
True
Does 3437 divide 1291614289?
True
Is 9 a factor of 38623027?
False
Does 1938 divide 297926708?
False
Is 51437580 a multiple of 239?
True
Is 135 a factor of 11152890?
True
Is 1137664 a multiple of 2222?
True
Does 2612 divide 121097544?
True
Is 174 a factor of 65735634?
True
Does 323 divide 61885016?
False
Is 200637338 a multiple of 820?
False
Is 4039308 a multiple of 1092?
True
Is 18 a factor of 22158382?
False
Does 96 divide 153192480?
True
Is 5 a factor of 3008340?
True
Does 8 divide 264705049?
False
Is 37 a factor of 885527220?
False
Does 76 divide 78464680?
True
Is 901 a factor of 104551139